{"id":8,"date":"2021-12-31T21:31:25","date_gmt":"2021-12-31T21:31:25","guid":{"rendered":"https:\/\/joaoribeiro.eu\/?page_id=8"},"modified":"2025-02-05T10:26:31","modified_gmt":"2025-02-05T10:26:31","slug":"joao-gabriel-ribeiro","status":"publish","type":"page","link":"https:\/\/joaoribeiro.eu\/","title":{"rendered":"Jo\u00e3o Gabriel Ribeiro"},"content":{"rendered":"\t\t<div data-elementor-type=\"wp-page\" data-elementor-id=\"8\" class=\"elementor elementor-8\" data-elementor-post-type=\"page\">\n\t\t\t\t\t\t<section class=\"elementor-section elementor-top-section elementor-element elementor-element-e951b00 elementor-section-height-full elementor-section-items-stretch elementor-section-full_width elementor-section-content-top elementor-section-height-default\" data-id=\"e951b00\" data-element_type=\"section\">\n\t\t\t\t\t\t<div class=\"elementor-container elementor-column-gap-default\">\n\t\t\t\t\t<div class=\"elementor-column elementor-col-50 elementor-top-column elementor-element elementor-element-455f0f4\" data-id=\"455f0f4\" data-element_type=\"column\">\n\t\t\t<div class=\"elementor-widget-wrap elementor-element-populated\">\n\t\t\t\t\t\t<div class=\"elementor-element elementor-element-15097ac elementor-widget__width-initial elementor-widget elementor-widget-text-editor\" data-id=\"15097ac\" data-element_type=\"widget\" data-widget_type=\"text-editor.default\">\n\t\t\t\t<div class=\"elementor-widget-container\">\n\t\t\t<style>\/*! elementor - v3.21.0 - 08-05-2024 *\/\n.elementor-widget-text-editor.elementor-drop-cap-view-stacked .elementor-drop-cap{background-color:#69727d;color:#fff}.elementor-widget-text-editor.elementor-drop-cap-view-framed .elementor-drop-cap{color:#69727d;border:3px solid;background-color:transparent}.elementor-widget-text-editor:not(.elementor-drop-cap-view-default) .elementor-drop-cap{margin-top:8px}.elementor-widget-text-editor:not(.elementor-drop-cap-view-default) .elementor-drop-cap-letter{width:1em;height:1em}.elementor-widget-text-editor .elementor-drop-cap{float:left;text-align:center;line-height:1;font-size:50px}.elementor-widget-text-editor .elementor-drop-cap-letter{display:inline-block}<\/style>\t\t\t\t<p>Um resumo do que fa\u00e7o: <\/p>\t\t\t\t\t\t<\/div>\n\t\t\t\t<\/div>\n\t\t\t\t<div class=\"elementor-element elementor-element-70ce8bf elementor-widget-divider--view-line elementor-widget elementor-widget-divider\" data-id=\"70ce8bf\" data-element_type=\"widget\" data-widget_type=\"divider.default\">\n\t\t\t\t<div class=\"elementor-widget-container\">\n\t\t\t<style>\/*! elementor - v3.21.0 - 08-05-2024 *\/\n.elementor-widget-divider{--divider-border-style:none;--divider-border-width:1px;--divider-color:#0c0d0e;--divider-icon-size:20px;--divider-element-spacing:10px;--divider-pattern-height:24px;--divider-pattern-size:20px;--divider-pattern-url:none;--divider-pattern-repeat:repeat-x}.elementor-widget-divider .elementor-divider{display:flex}.elementor-widget-divider .elementor-divider__text{font-size:15px;line-height:1;max-width:95%}.elementor-widget-divider .elementor-divider__element{margin:0 var(--divider-element-spacing);flex-shrink:0}.elementor-widget-divider .elementor-icon{font-size:var(--divider-icon-size)}.elementor-widget-divider .elementor-divider-separator{display:flex;margin:0;direction:ltr}.elementor-widget-divider--view-line_icon .elementor-divider-separator,.elementor-widget-divider--view-line_text .elementor-divider-separator{align-items:center}.elementor-widget-divider--view-line_icon .elementor-divider-separator:after,.elementor-widget-divider--view-line_icon .elementor-divider-separator:before,.elementor-widget-divider--view-line_text .elementor-divider-separator:after,.elementor-widget-divider--view-line_text .elementor-divider-separator:before{display:block;content:\"\";border-block-end:0;flex-grow:1;border-block-start:var(--divider-border-width) var(--divider-border-style) var(--divider-color)}.elementor-widget-divider--element-align-left .elementor-divider .elementor-divider-separator>.elementor-divider__svg:first-of-type{flex-grow:0;flex-shrink:100}.elementor-widget-divider--element-align-left .elementor-divider-separator:before{content:none}.elementor-widget-divider--element-align-left .elementor-divider__element{margin-left:0}.elementor-widget-divider--element-align-right .elementor-divider .elementor-divider-separator>.elementor-divider__svg:last-of-type{flex-grow:0;flex-shrink:100}.elementor-widget-divider--element-align-right .elementor-divider-separator:after{content:none}.elementor-widget-divider--element-align-right .elementor-divider__element{margin-right:0}.elementor-widget-divider--element-align-start .elementor-divider .elementor-divider-separator>.elementor-divider__svg:first-of-type{flex-grow:0;flex-shrink:100}.elementor-widget-divider--element-align-start .elementor-divider-separator:before{content:none}.elementor-widget-divider--element-align-start .elementor-divider__element{margin-inline-start:0}.elementor-widget-divider--element-align-end .elementor-divider .elementor-divider-separator>.elementor-divider__svg:last-of-type{flex-grow:0;flex-shrink:100}.elementor-widget-divider--element-align-end .elementor-divider-separator:after{content:none}.elementor-widget-divider--element-align-end .elementor-divider__element{margin-inline-end:0}.elementor-widget-divider:not(.elementor-widget-divider--view-line_text):not(.elementor-widget-divider--view-line_icon) .elementor-divider-separator{border-block-start:var(--divider-border-width) var(--divider-border-style) var(--divider-color)}.elementor-widget-divider--separator-type-pattern{--divider-border-style:none}.elementor-widget-divider--separator-type-pattern.elementor-widget-divider--view-line .elementor-divider-separator,.elementor-widget-divider--separator-type-pattern:not(.elementor-widget-divider--view-line) .elementor-divider-separator:after,.elementor-widget-divider--separator-type-pattern:not(.elementor-widget-divider--view-line) .elementor-divider-separator:before,.elementor-widget-divider--separator-type-pattern:not([class*=elementor-widget-divider--view]) .elementor-divider-separator{width:100%;min-height:var(--divider-pattern-height);-webkit-mask-size:var(--divider-pattern-size) 100%;mask-size:var(--divider-pattern-size) 100%;-webkit-mask-repeat:var(--divider-pattern-repeat);mask-repeat:var(--divider-pattern-repeat);background-color:var(--divider-color);-webkit-mask-image:var(--divider-pattern-url);mask-image:var(--divider-pattern-url)}.elementor-widget-divider--no-spacing{--divider-pattern-size:auto}.elementor-widget-divider--bg-round{--divider-pattern-repeat:round}.rtl .elementor-widget-divider .elementor-divider__text{direction:rtl}.e-con-inner>.elementor-widget-divider,.e-con>.elementor-widget-divider{width:var(--container-widget-width,100%);--flex-grow:var(--container-widget-flex-grow)}<\/style>\t\t<div class=\"elementor-divider\">\n\t\t\t<span class=\"elementor-divider-separator\">\n\t\t\t\t\t\t<\/span>\n\t\t<\/div>\n\t\t\t\t<\/div>\n\t\t\t\t<\/div>\n\t\t\t\t<div class=\"elementor-element elementor-element-d8cf1e6 elementor-widget__width-initial elementor-widget elementor-widget-text-editor\" data-id=\"d8cf1e6\" data-element_type=\"widget\" data-widget_type=\"text-editor.default\">\n\t\t\t\t<div class=\"elementor-widget-container\">\n\t\t\t\t\t\t\t<p>Actualmente dirijo e edito o Shifter, onde escrevo sobre tecnologia, sociedade e cultura, e sou respons\u00e1vel por todo o design e a componente estrat\u00e9gica.<\/p><p>Promovo e\/ou modero conversas e debates sobre os temas que costumo acompanhar no trabalho jornal\u00edstico.<\/p><p>Promovo cursos e forma\u00e7\u00f5es nas \u00e1reas de Jornalismo Alternativo, Novos Media e Intelig\u00eancia Artificial;<\/p><p>Para al\u00e9m disso desenvolvo projectos de design, estrat\u00e9gia de redes sociais e\/ou dire\u00e7\u00e3o criativa.<\/p><p>Se tens interesse que colabore em algum projecto, n\u00e3o hesites em contactar-me.<\/p><p><script src=\"moz-extension:\/\/1d5e943e-a8cb-4a16-99e3-3d362c5eb294\/js\/app.js\" type=\"text\/javascript\"><\/script><\/p>\t\t\t\t\t\t<\/div>\n\t\t\t\t<\/div>\n\t\t\t\t\t<\/div>\n\t\t<\/div>\n\t\t\t\t<div class=\"elementor-column elementor-col-50 elementor-top-column elementor-element elementor-element-be191fc\" data-id=\"be191fc\" data-element_type=\"column\">\n\t\t\t<div class=\"elementor-widget-wrap elementor-element-populated\">\n\t\t\t\t\t\t<div class=\"elementor-element elementor-element-45dad33 elementor-widget__width-initial elementor-widget elementor-widget-text-editor\" data-id=\"45dad33\" data-element_type=\"widget\" data-widget_type=\"text-editor.default\">\n\t\t\t\t<div class=\"elementor-widget-container\">\n\t\t\t\t\t\t\t<p>Interesses:<\/p>\t\t\t\t\t\t<\/div>\n\t\t\t\t<\/div>\n\t\t\t\t<div class=\"elementor-element elementor-element-a1950e5 elementor-widget-divider--view-line elementor-widget elementor-widget-divider\" data-id=\"a1950e5\" data-element_type=\"widget\" data-widget_type=\"divider.default\">\n\t\t\t\t<div class=\"elementor-widget-container\">\n\t\t\t\t\t<div class=\"elementor-divider\">\n\t\t\t<span class=\"elementor-divider-separator\">\n\t\t\t\t\t\t<\/span>\n\t\t<\/div>\n\t\t\t\t<\/div>\n\t\t\t\t<\/div>\n\t\t\t\t<div class=\"elementor-element elementor-element-3d4d18f elementor-widget__width-initial elementor-widget elementor-widget-text-editor\" data-id=\"3d4d18f\" data-element_type=\"widget\" data-widget_type=\"text-editor.default\">\n\t\t\t\t<div class=\"elementor-widget-container\">\n\t\t\t\t\t\t\t<p><span style=\"text-decoration: underline;\">Tecnologia; Ci\u00eancia; Filosofia; Pol\u00edtica; Intelig\u00eancia Artificial; Design; Media; Jornalismo; N\u00e3o-fic\u00e7\u00e3o; Novas Ecologias; <br \/><\/span><\/p>\t\t\t\t\t\t<\/div>\n\t\t\t\t<\/div>\n\t\t\t\t<div class=\"elementor-element elementor-element-003ea4a elementor-widget__width-initial elementor-widget elementor-widget-text-editor\" data-id=\"003ea4a\" data-element_type=\"widget\" data-widget_type=\"text-editor.default\">\n\t\t\t\t<div class=\"elementor-widget-container\">\n\t\t\t\t\t\t\t<p>Redes Sociais e Contacto R\u00e1pido<\/p>\t\t\t\t\t\t<\/div>\n\t\t\t\t<\/div>\n\t\t\t\t<div class=\"elementor-element elementor-element-4fa33f8 elementor-widget-divider--view-line elementor-widget elementor-widget-divider\" data-id=\"4fa33f8\" data-element_type=\"widget\" data-widget_type=\"divider.default\">\n\t\t\t\t<div class=\"elementor-widget-container\">\n\t\t\t\t\t<div class=\"elementor-divider\">\n\t\t\t<span class=\"elementor-divider-separator\">\n\t\t\t\t\t\t<\/span>\n\t\t<\/div>\n\t\t\t\t<\/div>\n\t\t\t\t<\/div>\n\t\t\t\t<div class=\"elementor-element elementor-element-d048cd1 elementor-widget__width-initial elementor-widget elementor-widget-text-editor\" data-id=\"d048cd1\" data-element_type=\"widget\" data-widget_type=\"text-editor.default\">\n\t\t\t\t<div class=\"elementor-widget-container\">\n\t\t\t\t\t\t\t<p><span style=\"text-decoration: underline;\">Telegram;<br \/><a href=\"https:\/\/www.linkedin.com\/in\/jgsribeiro\/\">LinkedIn<\/a>;<br \/><a href=\"joaoribeiro@shifter.pt\">Mail;<\/a><br \/><\/span><\/p><p>\u00a0<\/p>\t\t\t\t\t\t<\/div>\n\t\t\t\t<\/div>\n\t\t\t\t\t<\/div>\n\t\t<\/div>\n\t\t\t\t\t<\/div>\n\t\t<\/section>\n\t\t\t\t<\/div>\n\t\t","protected":false},"excerpt":{"rendered":"<p>Um resumo do que fa\u00e7o: Actualmente dirijo e edito o Shifter, onde escrevo sobre tecnologia, sociedade e cultura, e sou respons\u00e1vel por todo o design e a componente estrat\u00e9gica. Promovo e\/ou modero conversas e debates sobre os temas que costumo acompanhar no trabalho jornal\u00edstico. Promovo cursos e forma\u00e7\u00f5es nas \u00e1reas de Jornalismo Alternativo, Novos Media [&hellip;]<\/p>\n","protected":false},"author":1,"featured_media":0,"parent":0,"menu_order":0,"comment_status":"closed","ping_status":"closed","template":"elementor_header_footer","meta":{"footnotes":""},"class_list":["post-8","page","type-page","status-publish","hentry"],"yoast_head":"<!-- This site is optimized with the Yoast SEO plugin v22.7 - https:\/\/yoast.com\/wordpress\/plugins\/seo\/ -->\n<title>Jo\u00e3o Gabriel Ribeiro - Jo\u00e3o Gabriel Ribeiro<\/title>\n<meta name=\"robots\" content=\"index, follow, max-snippet:-1, max-image-preview:large, max-video-preview:-1\" \/>\n<link rel=\"canonical\" href=\"https:\/\/joaoribeiro.eu\/\" \/>\n<meta property=\"og:locale\" content=\"pt_PT\" \/>\n<meta property=\"og:type\" content=\"article\" \/>\n<meta property=\"og:title\" content=\"Jo\u00e3o Gabriel Ribeiro - Jo\u00e3o Gabriel Ribeiro\" \/>\n<meta property=\"og:description\" content=\"Um resumo do que fa\u00e7o: Actualmente dirijo e edito o Shifter, onde escrevo sobre tecnologia, sociedade e cultura, e sou respons\u00e1vel por todo o design e a componente estrat\u00e9gica. Promovo e\/ou modero conversas e debates sobre os temas que costumo acompanhar no trabalho jornal\u00edstico. Promovo cursos e forma\u00e7\u00f5es nas \u00e1reas de Jornalismo Alternativo, Novos Media [&hellip;]\" \/>\n<meta property=\"og:url\" content=\"https:\/\/joaoribeiro.eu\/\" \/>\n<meta property=\"og:site_name\" content=\"Jo\u00e3o Gabriel Ribeiro\" \/>\n<meta property=\"article:modified_time\" content=\"2025-02-05T10:26:31+00:00\" \/>\n<meta name=\"twitter:card\" content=\"summary_large_image\" \/>\n<meta name=\"twitter:label1\" content=\"Tempo estimado de leitura\" \/>\n\t<meta name=\"twitter:data1\" content=\"1 minuto\" \/>\n<script type=\"application\/ld+json\" class=\"yoast-schema-graph\">{\"@context\":\"https:\/\/schema.org\",\"@graph\":[{\"@type\":\"WebPage\",\"@id\":\"https:\/\/joaoribeiro.eu\/\",\"url\":\"https:\/\/joaoribeiro.eu\/\",\"name\":\"Jo\u00e3o Gabriel Ribeiro - Jo\u00e3o Gabriel Ribeiro\",\"isPartOf\":{\"@id\":\"https:\/\/joaoribeiro.eu\/#website\"},\"datePublished\":\"2021-12-31T21:31:25+00:00\",\"dateModified\":\"2025-02-05T10:26:31+00:00\",\"breadcrumb\":{\"@id\":\"https:\/\/joaoribeiro.eu\/#breadcrumb\"},\"inLanguage\":\"pt-PT\",\"potentialAction\":[{\"@type\":\"ReadAction\",\"target\":[\"https:\/\/joaoribeiro.eu\/\"]}]},{\"@type\":\"BreadcrumbList\",\"@id\":\"https:\/\/joaoribeiro.eu\/#breadcrumb\",\"itemListElement\":[{\"@type\":\"ListItem\",\"position\":1,\"name\":\"In\u00edcio\",\"item\":\"https:\/\/joaoribeiro.eu\/\"},{\"@type\":\"ListItem\",\"position\":2,\"name\":\"Jo\u00e3o Gabriel Ribeiro\"}]},{\"@type\":\"WebSite\",\"@id\":\"https:\/\/joaoribeiro.eu\/#website\",\"url\":\"https:\/\/joaoribeiro.eu\/\",\"name\":\"Jo\u00e3o Gabriel Ribeiro\",\"description\":\"\",\"potentialAction\":[{\"@type\":\"SearchAction\",\"target\":{\"@type\":\"EntryPoint\",\"urlTemplate\":\"https:\/\/joaoribeiro.eu\/?s={search_term_string}\"},\"query-input\":\"required name=search_term_string\"}],\"inLanguage\":\"pt-PT\"}]}<\/script>\n<!-- \/ Yoast SEO plugin. -->","yoast_head_json":{"title":"Jo\u00e3o Gabriel Ribeiro - Jo\u00e3o Gabriel Ribeiro","robots":{"index":"index","follow":"follow","max-snippet":"max-snippet:-1","max-image-preview":"max-image-preview:large","max-video-preview":"max-video-preview:-1"},"canonical":"https:\/\/joaoribeiro.eu\/","og_locale":"pt_PT","og_type":"article","og_title":"Jo\u00e3o Gabriel Ribeiro - Jo\u00e3o Gabriel Ribeiro","og_description":"Um resumo do que fa\u00e7o: Actualmente dirijo e edito o Shifter, onde escrevo sobre tecnologia, sociedade e cultura, e sou respons\u00e1vel por todo o design e a componente estrat\u00e9gica. Promovo e\/ou modero conversas e debates sobre os temas que costumo acompanhar no trabalho jornal\u00edstico. Promovo cursos e forma\u00e7\u00f5es nas \u00e1reas de Jornalismo Alternativo, Novos Media [&hellip;]","og_url":"https:\/\/joaoribeiro.eu\/","og_site_name":"Jo\u00e3o Gabriel Ribeiro","article_modified_time":"2025-02-05T10:26:31+00:00","twitter_card":"summary_large_image","twitter_misc":{"Tempo estimado de leitura":"1 minuto"},"schema":{"@context":"https:\/\/schema.org","@graph":[{"@type":"WebPage","@id":"https:\/\/joaoribeiro.eu\/","url":"https:\/\/joaoribeiro.eu\/","name":"Jo\u00e3o Gabriel Ribeiro - Jo\u00e3o Gabriel Ribeiro","isPartOf":{"@id":"https:\/\/joaoribeiro.eu\/#website"},"datePublished":"2021-12-31T21:31:25+00:00","dateModified":"2025-02-05T10:26:31+00:00","breadcrumb":{"@id":"https:\/\/joaoribeiro.eu\/#breadcrumb"},"inLanguage":"pt-PT","potentialAction":[{"@type":"ReadAction","target":["https:\/\/joaoribeiro.eu\/"]}]},{"@type":"BreadcrumbList","@id":"https:\/\/joaoribeiro.eu\/#breadcrumb","itemListElement":[{"@type":"ListItem","position":1,"name":"In\u00edcio","item":"https:\/\/joaoribeiro.eu\/"},{"@type":"ListItem","position":2,"name":"Jo\u00e3o Gabriel Ribeiro"}]},{"@type":"WebSite","@id":"https:\/\/joaoribeiro.eu\/#website","url":"https:\/\/joaoribeiro.eu\/","name":"Jo\u00e3o Gabriel Ribeiro","description":"","potentialAction":[{"@type":"SearchAction","target":{"@type":"EntryPoint","urlTemplate":"https:\/\/joaoribeiro.eu\/?s={search_term_string}"},"query-input":"required name=search_term_string"}],"inLanguage":"pt-PT"}]}},"_links":{"self":[{"href":"https:\/\/joaoribeiro.eu\/index.php\/wp-json\/wp\/v2\/pages\/8","targetHints":{"allow":["GET"]}}],"collection":[{"href":"https:\/\/joaoribeiro.eu\/index.php\/wp-json\/wp\/v2\/pages"}],"about":[{"href":"https:\/\/joaoribeiro.eu\/index.php\/wp-json\/wp\/v2\/types\/page"}],"author":[{"embeddable":true,"href":"https:\/\/joaoribeiro.eu\/index.php\/wp-json\/wp\/v2\/users\/1"}],"replies":[{"embeddable":true,"href":"https:\/\/joaoribeiro.eu\/index.php\/wp-json\/wp\/v2\/comments?post=8"}],"version-history":[{"count":40,"href":"https:\/\/joaoribeiro.eu\/index.php\/wp-json\/wp\/v2\/pages\/8\/revisions"}],"predecessor-version":[{"id":401,"href":"https:\/\/joaoribeiro.eu\/index.php\/wp-json\/wp\/v2\/pages\/8\/revisions\/401"}],"wp:attachment":[{"href":"https:\/\/joaoribeiro.eu\/index.php\/wp-json\/wp\/v2\/media?parent=8"}],"curies":[{"name":"wp","href":"https:\/\/api.w.org\/{rel}","templated":true}]}}